3*i = 2*i - 2385. What is the units digit of x?
2
Suppose 10*o + 1796 = 8036. What is the hundreds digit of o?
6
Let k = 85 - 37. Suppose -k = d - 9*d. What is the units digit of d?
6
Suppose 5*f - 20 = -2*q, q = -0*q. Suppose s - f*v = 29, 3*s - 3*v = 2*v + 73. What is the units digit of s?
1
Let n be (-92)/(-22) + 2/(-11). Suppose 52 = 4*l - s, -s + 0*s = n. Suppose -2*u + 2 = -l. What is the units digit of u?
7
Let i = -61 - -38. Let z = i - -13. Let o = 54 + z. What is the units digit of o?
4
Suppose -2*g = -13 + 3. Suppose g = -16*h + 17*h. Suppose 112 + 43 = h*d. What is the tens digit of d?
3
Let d(u) = -3*u**3 - 41*u**2 - 35*u - 42. Let z(q) = -q**3 - 14*q**2 - 12*q - 14. Let h(s) = -6*d(s) + 17*z(s). What is the tens digit of h(-7)?
2
What is the hundreds digit of 1*(31936/(-192))/(1/(-3))?
4
Let s(m) = -m + 8. Suppose 5*z - 29 = 61. Suppose -2*c - c - z = 3*w, 3*w = c - 22. What is the units digit of s(w)?
5
Let q = 10 - 6. Suppose -u - 20 = q*u, -148 = -3*d + u. What is the units digit of d?
8
Suppose -3*h - 3*r = 10 + 2, -5*r = -2*h - 29. Let i be 2/(-14) + (-260)/h. Suppose -2*d - 5 = -i. What is the tens digit of d?
1
Let l(b) = 3*b - 19. Let r(u) = -4*u. Let h = -6 - -4. Let n be r(h). What is the units digit of l(n)?
5
Suppose -27*n = -18*n - 6795. What is the tens digit of n?
5
Suppose 8 = 2*l - 3*l. Let y = l + 8. What is the units digit of -2*((-33)/6 + y)?
1
Suppose 3*o = 4*o + 2*p - 20, -5*p - 22 = -2*o. Let a = -13 + o. Suppose -m + 59 = 4*j - 2*m, a*m + 9 = 0. What is the units digit of j?
4
Let l(z) = -58*z + 1490. What is the hundreds digit of l(0)?
4
Let r = -1137 - -1983. What is the units digit of r?
6
Let q = 15 - 33. Let i be (-30)/(-4)*q/(-27). What is the tens digit of 6/15 - (-73)/i?
1
Let p = 13 - -329. What is the units digit of p?
2
Suppose 0 = -8*o + 17 + 7. Suppose -o*m + 363 = -x + 4*x, -587 = -5*m + x. What is the units digit of m?
8
Let g = -394 - -603. Suppose 0 = 4*w + 5*j - 232, 2*j - 7*j - g = -3*w. What is the units digit of w?
3
Let m = -87 - -39. Let t be (m/10)/((-17)/85). Suppose 5*b = t + 281. What is the units digit of b?
1
Let i = -96 - -264. What is the tens digit of (i/(-30))/(6/(-15))?
1
Let v = 559 + -354. What is the units digit of v?
5
What is the units digit of (324/24 - 2)*30?
5
Suppose 0 = 3*z + 5*h - 2435, 0*z = -5*z - h + 4051. What is the tens digit of z?
1
Let f(y) be the third derivative of y**5/60 + y**4/12 - y**3/3 - 8*y**2. Let t be f(-2). What is the units digit of (-2)/t - (-12)/4?
4
Suppose 4*t - 2*j = 10, 4*t - 2*j + 4*j = 14. Suppose 0 = -5*a + t*c - 0*c + 804, -320 = -2*a + 2*c. What is the units digit of a?
2
Suppose 0 = 6*k - 206 - 328. Suppose -2*v = -3*t - 83, 2*v - 5*t + 0*t = k. What is the tens digit of v?
3
Suppose 0 = -304*r + 306*r - 1230. What is the units digit of r?
5
Let c = -4428 + 6807. What is the tens digit of c?
7
Let l(f) = 30*f**2 + f. Let d be (-1)/3 + (-2)/3. Let o be l(d). Suppose -p - p - o = -x, 2*x + 5*p = 76. What is the tens digit of x?
3
Let k be 3 + (-1*2 - (-4)/4). Suppose k*a + 113 = 317. What is the units digit of a?
2
Let m(g) = -6*g**3 + g. Let r be m(-1). Let l = -36 + 36. Suppose -p - 3*x - 2 + 0 = 0, r*p - 3*x - 8 = l. What is the units digit of p?
1
Let n = 1219 - 630. What is the units digit of n?
9
Let q(y) = -y**3 + 7*y**2 - 2*y + 5. Let a = -7 - -12. Let o be q(a). Suppose -r = 4*c - o, 4*r = -0*c + 5*c + 201. What is the tens digit of r?
4
Let l(o) = 2*o + 2. Let y be l(2). Suppose -y = -3*u + 471. What is the hundreds digit of u?
1
Let j(n) = 11*n**2 - 1. Let z be j(-1). Let o = 23 - z. Let s = 16 - o. What is the units digit of s?
3
Let v(g) = -g**2 + 6*g - 11. Let b(a) = a**3 - 12*a**2 - a + 17. Let u be b(12). Let y be v(u). What is the units digit of ((-4)/4)/(2/y)?
3
Suppose -2*f - f = 0. Suppose 3*k + d - 738 = k, f = -5*d + 10. Suppose k = -u + 9*u. What is the tens digit of u?
4
Suppose 574 = -5*o + f - 190, -o - 150 = -3*f. What is the units digit of o/(-6) - 1 - (-3)/6?
5
Let f = 29 - 22. Suppose -f + 3 = -q. Let x = q - -4. What is the units digit of x?
8
Suppose 3*g = -5*u + 552, 4*g - 244 = 2*u + 492. Suppose -4*w = -3*t - 3*w + 145, -4*t = w - g. What is the tens digit of t?
4
What is the tens digit of 322/(-4)*(-60)/21?
3
Let p be (-230)/(-30) + (-2)/3. Let a(z) = 2 - 4*z**2 + 6*z**2 + 5*z**3 - p*z**3 + 4*z. What is the units digit of a(-2)?
8
Let h(t) = 6*t + 9. Let m(o) = 6*o + 10. Let i(u) = -5*h(u) + 4*m(u). What is the tens digit of i(-5)?
2
Suppose -72*k + 51*k + 10479 = 0. What is the units digit of k?
9
Let b(l) = -2*l**3 - 3*l**2 - 3. Let i be b(-3). Let j = 13 - -22. Let q = j - i. What is the tens digit of q?
1
Suppose p = -2*t - 2*t - 8, -2*p + t = 7. Let o be (-8)/(-12) + p/6. Suppose -4*n + 8*n - 132 = o. What is the units digit of n?
3
Let l(w) = w**3 - 23*w**2 + 27*w + 35. What is the units digit of l(22)?
5
Let s(i) = 43*i + 1. Let u be s(5). Suppose -2*k - u = -4*k. What is the units digit of k?
8
Suppose -1016 = -26*p + 25*p. What is the thousands digit of p?
1
Suppose 26*a - 46 = 136. What is the units digit of a?
7
Suppose 3768 = 8*p - 656. Suppose -9*b = -2*b - p. What is the units digit of b?
9
Suppose 5*t = 4*p - 20, 0*t = 5*p + 3*t - 25. Let q = 8 + -8. Suppose 2*j - 25 = -n + j, p*n + 4*j - 129 = q. What is the units digit of n?
9
Let m(c) = 4*c - 6*c + 4*c - 1. Let v(z) = z + 11. Let o be v(-8). What is the units digit of m(o)?
5
Suppose 5*y - 127 = -102. Suppose -4*i = y*u - 8 - 373, -3*i + 287 = 5*u. What is the units digit of i?
4
Let b = -71 + 109. Let n = 68 - b. What is the tens digit of n?
3
Suppose -4*r = -2*r. Suppose r = -j + 5*f - 96, f + 216 = -3*j - 2*f. What is the tens digit of j/20*1*-5?
1
Suppose 0 = 2*v - 6 - 0. Suppose 0 = v*o - 3*h - 148 - 185, -446 = -4*o + 5*h. Suppose 0 = -0*k - 4*k + s + o, 4*s + 58 = 2*k. What is the units digit of k?
7
Suppose 5*t - 1776 = 2*m + 2685, -3*m = 9. What is the hundreds digit of t?
8
Let c(y) = 11*y - 6. Let m be c(5). Let v = m - 35. What is the tens digit of v?
1
Suppose -7*n = 3*n - 10. What is the hundreds digit of (-94 - 12)*(-1)/(0 + n)?
1
Suppose 0*m = -t + 2*m, 2*m = -3*t + 16. Suppose -t*a = -8*a + 88. What is the units digit of a?
2
What is the tens digit of 110 + -2 + -3 + 1?
0
Let t be 11/22 + (-5)/(-2). Suppose 3*x - 208 = -t*f + 4*x, 0 = -2*x + 10. What is the units digit of f?
1
What is the hundreds digit of (33/9)/((-2)/(-576))?
0
Suppose 2*o + 3*o - 150 = 0. Let f = -301 - -271. What is the units digit of ((-18)/f)/(2/o)?
9
Suppose 7326 + 23224 = 47*q. What is the units digit of q?
0
Suppose 4*c = 5*z + 111, -20 = c - 6*c. Suppose -7 = -3*v + 3*o + 2, -2*v = -o - 6. What is the tens digit of 3 - z*v*1?
6
Suppose 9*h - 1043 = 1261. Let o = 384 - h. What is the units digit of o?
8
Suppose -8*u + 8 = -4*u. Let r(b) = 5*b**3 - 5*b**2 + 4*b. What is the tens digit of r(u)?
2
What is the tens digit of (-42 - -45)*631*1?
9
What is the hundreds digit of (7 + 1049 - 9)/((-3)/(-1))?
3
Let v be (0 - 4) + (1 - -290). Suppose -4*j + v = -3*g, 58 = -5*j + 5*g + 413. What is the tens digit of j?
7
Let r be (5 + (-63)/14)/((-1)/94). Let v = 145 - r. What is the hundreds digit of v?
1
Suppose 434 = 4*w - 358. Suppose 0 = -6*t + w + 576. What is the tens digit of t?
2
Let a = -5539 + 9340. What is the thousands digit of a?
3
Let o(g) = -8*g + 72. What is the hundreds digit of o(-33)?
3
Let b be ((-7)/9 + 2/(-9))*-46. Let x = 50 - b. What is the units digit of x?
4
Suppose 3*x - 3*p + 63 = 6*x, 0 = p - 1. Suppose 0*c + c + 2*n = -x, -4*c - 4*n - 72 = 0. Let v = c + 29. What is the units digit of v?
3
Let n be (-3*4)/((-3)/(-16)*-2). Suppose l - n = 38. What is the tens digit of l?
7
Let q = 648 + 1914. What is the thousands digit of q?
2
Suppose 0 = -3*v + 17 - 2. Suppose v*d - 2*d = 5*b + 576, 6 = 3*d. Let q = 166 + b. What is the units digit of q?
2
Suppose -5 + 0 = -5*s, -2*c + 1236 = 4*s. What is the hundreds digit of c?
6
Let q = -19 + 21. Let u(l) = -8*l**2 - 4*l + l**3 - q*l**3 - 1 + 16*l**2. What is the units digit of u(7)?
0
Let j(k) = k + 11. Let b be (-6)/33 + (-520)/44. Let g be j(b). What is the units digit of g/(20/(-19) + 1)?
9
Suppose 13 = -j - 0*j - 5*s, 5*j = -s - 17. Let n be (-160)/(-2) - (-12)/j. Let k = 